                                                                                                                                                                                                                                                                                                                                                                                                                                                                                                                                                                                                                                                                                                                                                                                                                                                                                                                                                                                                                                                                                                                                                                                                                                                                                                                                                                                                                                                                                                                                                                                                                                                                                                                                                                                                                      {"id":5884,"date":"2020-04-01T16:00:58","date_gmt":"2020-04-01T16:00:58","guid":{"rendered":"https:\/\/lifebyair.com\/?post_type=product&#038;p=5884"},"modified":"2020-09-29T13:36:36","modified_gmt":"2020-09-29T13:36:36","slug":"gabinete-750hc-conjunto-gabinete-con-compresor","status":"publish","type":"product","link":"https:\/\/ingenieriasae.com\/acuicultura\/producto\/gabinete-750hc-conjunto-gabinete-con-compresor\/","title":{"rendered":"Gabinete 750HC | Conjunto Gabinete con Compresor"},"content":{"rendered":"<p><strong>Gabinete 750HC<\/strong><\/p>\n<ul>\n<li>Es vers\u00e1til y permite preparar seg\u00fan el tama\u00f1o y la profundidad del estanque o lago.<\/li>\n<li>Los gabinetes a prueba de agua est\u00e1n disponibles con cerradura y llave para mayor seguridad.<\/li>\n<\/ul>\n","protected":false},"excerpt":{"rendered":"<p>&nbsp;<\/p>\n<p><img loading=\"lazy\" class=\"alignnone size-thumbnail wp-image-9715\" src=\"https:\/\/ingenieriasae.com\/acuicultura\/wp-content\/uploads\/2020\/01\/lifebyair-150x70.jpg\" alt=\"\" width=\"150\" height=\"70\" \/><\/p>\n<ul>\n<li>Es vers\u00e1til y permite preparar seg\u00fan el tama\u00f1o y la profundidad del estanque o lago.<\/li>\n<li>Los gabinetes a prueba de agua est\u00e1n disponibles con cerradura y llave para mayor seguridad.<\/li>\n<\/ul>\n","protected":false},"featured_media":5890,"template":"","meta":[],"_links":{"self":[{"href":"https:\/\/ingenieriasae.com\/acuicultura\/wp-json\/wp\/v2\/product\/5884"}],"collection":[{"href":"https:\/\/ingenieriasae.com\/acuicultura\/wp-json\/wp\/v2\/product"}],"about":[{"href":"https:\/\/ingenieriasae.com\/acuicultura\/wp-json\/wp\/v2\/types\/product"}],"version-history":[{"count":8,"href":"https:\/\/ingenieriasae.com\/acuicultura\/wp-json\/wp\/v2\/product\/5884\/revisions"}],"predecessor-version":[{"id":8888,"href":"https:\/\/ingenieriasae.com\/acuicultura\/wp-json\/wp\/v2\/product\/5884\/revisions\/8888"}],"wp:featuredmedia":[{"embeddable":true,"href":"https:\/\/ingenieriasae.com\/acuicultura\/wp-json\/wp\/v2\/media\/5890"}],"wp:attachment":[{"href":"https:\/\/ingenieriasae.com\/acuicultura\/wp-json\/wp\/v2\/media?parent=5884"}],"curies":[{"name":"wp","href":"https:\/\/api.w.org\/{rel}","templated":true}]}}