                                                                                                                                                                                                                                                                                                                                                                                                                                                                                                                                                                                                                                                                                                                                                                                                                                                                                                                                                                                                                                                                                                                                                                                                                                                                                                                                                                                                                                                                                                                                                                                                                                                                                                                                                                                                                      {"id":6001,"date":"2020-04-01T21:44:52","date_gmt":"2020-04-01T21:44:52","guid":{"rendered":"https:\/\/lifebyair.com\/?post_type=product&#038;p=6001"},"modified":"2020-11-21T14:55:43","modified_gmt":"2020-11-21T14:55:43","slug":"manguera-ah25-manguera-de-aireacion-25-mm","status":"publish","type":"product","link":"https:\/\/ingenieriasae.com\/acuicultura\/producto\/manguera-ah25-manguera-de-aireacion-25-mm\/","title":{"rendered":"Manguera AH25 | Manguera de Aireaci\u00f3n | 25 MM"},"content":{"rendered":"<p><strong>Manguera AH25 | Manguera de Aireaci\u00f3n<\/strong><\/p>\n<p>El modelo AH25 es una manguera auto-sumergible para aireaci\u00f3n de alta calidad, duradera y que no se retuerce permaneciendo flexible incluso en climas fr\u00edos. Gracias a su acabado de orificio liso en el interior hay menos resistencia, lo que hace que su sistema de aireaci\u00f3n sea m\u00e1s eficiente.<\/p>\n","protected":false},"excerpt":{"rendered":"<p><strong>Ventajas:<\/strong><\/p>\n<ul>\n<li>Manguera auto-sumergible<\/li>\n<li>No se retuerce<\/li>\n<\/ul>\n","protected":false},"featured_media":6004,"template":"","meta":[],"_links":{"self":[{"href":"https:\/\/ingenieriasae.com\/acuicultura\/wp-json\/wp\/v2\/product\/6001"}],"collection":[{"href":"https:\/\/ingenieriasae.com\/acuicultura\/wp-json\/wp\/v2\/product"}],"about":[{"href":"https:\/\/ingenieriasae.com\/acuicultura\/wp-json\/wp\/v2\/types\/product"}],"version-history":[{"count":7,"href":"https:\/\/ingenieriasae.com\/acuicultura\/wp-json\/wp\/v2\/product\/6001\/revisions"}],"predecessor-version":[{"id":10379,"href":"https:\/\/ingenieriasae.com\/acuicultura\/wp-json\/wp\/v2\/product\/6001\/revisions\/10379"}],"wp:featuredmedia":[{"embeddable":true,"href":"https:\/\/ingenieriasae.com\/acuicultura\/wp-json\/wp\/v2\/media\/6004"}],"wp:attachment":[{"href":"https:\/\/ingenieriasae.com\/acuicultura\/wp-json\/wp\/v2\/media?parent=6001"}],"curies":[{"name":"wp","href":"https:\/\/api.w.org\/{rel}","templated":true}]}}