                                                                                                                                                                                                                                                                                                                                                                                                                                                                                                                                                                                                                                                                                                                                                                                                                                                                                                                                                                                                                                                                                                                                                                                                                                                                                                                                                                                                                                                                                                                                                                                                                                                                                                                                                                                                                      {"id":6475,"date":"2020-04-07T20:37:13","date_gmt":"2020-04-07T20:37:13","guid":{"rendered":"https:\/\/lifebyair.com\/?post_type=product&#038;p=6475"},"modified":"2025-03-25T20:07:53","modified_gmt":"2025-03-25T20:07:53","slug":"filtro-de-agua-ezbio11-plus-nucleo-simple-de-filtracion-malla-verde-gruesa-adaptador","status":"publish","type":"product","link":"https:\/\/ingenieriasae.com\/acuicultura\/producto\/filtro-de-agua-ezbio11-plus-nucleo-simple-de-filtracion-malla-verde-gruesa-adaptador\/","title":{"rendered":"Filtro de agua EZBIO11 PLUS | N\u00facleo Simple de Filtraci\u00f3n | Malla Verde Gruesa + Adaptador"},"content":{"rendered":"<p><strong>Filtro de agua EZBIO11 PLUS<\/strong><\/p>\n<p>El modelo EZBIO11 plus de la marca <strong>Matala\u00ae<\/strong> es un n\u00facleo de filtraci\u00f3n que favorece la proliferaci\u00f3n de bacterias beneficiosas que mejoran la calidad del agua. Se trata de una malla verde gruesa que proporciona filtraci\u00f3n mec\u00e1nica y biol\u00f3gica y previene la reducci\u00f3n de flujo y el atascamiento, favoreciendo la vida \u00fatil de la bomba.<\/p>\n<p>Maneja un flujo m\u00e1ximo en pre-filtrado de 5600 GPH y un tama\u00f1o vers\u00e1til con solo 4,3&#8243; de di\u00e1metro x 12.2&#8243; de altura. Incluye adaptador y collares de instalaci\u00f3n.<\/p>\n","protected":false},"excerpt":{"rendered":"<p><img loading=\"lazy\" class=\"alignnone size-full wp-image-5147\" src=\"https:\/\/lifebyair.com\/wp-content\/uploads\/2020\/01\/logo-matala-1.jpg\" alt=\"\" width=\"120\" height=\"46\" \/><\/p>\n<p><strong>Caracter\u00edsticas:<\/strong><\/p>\n<ul>\n<li>N\u00facleo de filtraci\u00f3n<\/li>\n<li>Malla verde gruesa que proporciona filtraci\u00f3n mec\u00e1nica y biol\u00f3gica<\/li>\n<li>Previene la reducci\u00f3n de flujo y el atascamiento<\/li>\n<li>Favoreciendo la vida \u00fatil de la bomba<\/li>\n<li>Flujo m\u00e1ximo en pre-filtrado de 5600 GPH<\/li>\n<li>Tama\u00f1o vers\u00e1til con solo 4,3&#8243; de di\u00e1metro x 12.2&#8243; de altura<\/li>\n<li>Incluye adaptador y collares de instalaci\u00f3n.<\/li>\n<\/ul>\n","protected":false},"featured_media":8302,"template":"","meta":[],"_links":{"self":[{"href":"https:\/\/ingenieriasae.com\/acuicultura\/wp-json\/wp\/v2\/product\/6475"}],"collection":[{"href":"https:\/\/ingenieriasae.com\/acuicultura\/wp-json\/wp\/v2\/product"}],"about":[{"href":"https:\/\/ingenieriasae.com\/acuicultura\/wp-json\/wp\/v2\/types\/product"}],"version-history":[{"count":10,"href":"https:\/\/ingenieriasae.com\/acuicultura\/wp-json\/wp\/v2\/product\/6475\/revisions"}],"predecessor-version":[{"id":10132,"href":"https:\/\/ingenieriasae.com\/acuicultura\/wp-json\/wp\/v2\/product\/6475\/revisions\/10132"}],"wp:featuredmedia":[{"embeddable":true,"href":"https:\/\/ingenieriasae.com\/acuicultura\/wp-json\/wp\/v2\/media\/8302"}],"wp:attachment":[{"href":"https:\/\/ingenieriasae.com\/acuicultura\/wp-json\/wp\/v2\/media?parent=6475"}],"curies":[{"name":"wp","href":"https:\/\/api.w.org\/{rel}","templated":true}]}}