                                                                                                                                                                                                                                                                                                                                                                                                                                                                                                                                                                                                                                                                                                                                                                                                                                                                                                                                                                                                                                                                                                                                                                                                                                                                                                                                                                                                                                                                                                                                                                                                                                                                                                                                                                                                                      {"id":6490,"date":"2020-04-07T21:29:17","date_gmt":"2020-04-07T21:29:17","guid":{"rendered":"https:\/\/lifebyair.com\/?post_type=product&#038;p=6490"},"modified":"2022-05-26T16:55:45","modified_gmt":"2022-05-26T16:55:45","slug":"cepillo-de-filtro-fb13-cepillo-de-filtro-de-13-4%e2%80%b3-de-diametro","status":"publish","type":"product","link":"https:\/\/ingenieriasae.com\/acuicultura\/producto\/cepillo-de-filtro-fb13-cepillo-de-filtro-de-13-4%e2%80%b3-de-diametro\/","title":{"rendered":"Cepillo de Filtro FB13 | Cepillo de Filtro de 13\u201d | 4\u2033 de Di\u00e1metro"},"content":{"rendered":"<p><strong>Cepillo de Filtro FB13<\/strong><\/p>\n<p><strong>Medio filtrante tipo cepillo<\/strong> modelo FB13 marca<strong> Matala\u00ae<\/strong> es un excelente mecanismo del filtrado que ha sido usado durante mucho tiempo en estanques KOI por recoger grandes cantidades de suciedad sin restringir el flujo de agua, incluso cuando est\u00e1n sucios. Funcionan bien tanto para la eliminaci\u00f3n de s\u00f3lidos como para la filtraci\u00f3n biol\u00f3gica.<\/p>\n<p>Caracter\u00edsticas:<\/p>\n<ul>\n<li>Cuenta con una longitud de 13\u2033<\/li>\n<li>Cuenta con un Di\u00e1metro de 4\u2033 de di\u00e1metro<\/li>\n<li>N\u00facleo central de acero inoxidable.<\/li>\n<\/ul>\n","protected":false},"excerpt":{"rendered":"<p><img loading=\"lazy\" class=\"alignnone size-full wp-image-5147\" src=\"https:\/\/lifebyair.com\/wp-content\/uploads\/2020\/01\/logo-matala-1.jpg\" alt=\"\" width=\"120\" height=\"46\" \/><\/p>\n<p><strong>Caracter\u00edsticas:<\/strong><\/p>\n<ul>\n<li>Cuenta con una longitud de 13\u2033<\/li>\n<li>Cuenta con un Di\u00e1metro de 4\u2033 de di\u00e1metro<\/li>\n<li>N\u00facleo central de acero inoxidable.<\/li>\n<\/ul>\n","protected":false},"featured_media":6491,"template":"","meta":[],"_links":{"self":[{"href":"https:\/\/ingenieriasae.com\/acuicultura\/wp-json\/wp\/v2\/product\/6490"}],"collection":[{"href":"https:\/\/ingenieriasae.com\/acuicultura\/wp-json\/wp\/v2\/product"}],"about":[{"href":"https:\/\/ingenieriasae.com\/acuicultura\/wp-json\/wp\/v2\/types\/product"}],"version-history":[{"count":8,"href":"https:\/\/ingenieriasae.com\/acuicultura\/wp-json\/wp\/v2\/product\/6490\/revisions"}],"predecessor-version":[{"id":10147,"href":"https:\/\/ingenieriasae.com\/acuicultura\/wp-json\/wp\/v2\/product\/6490\/revisions\/10147"}],"wp:featuredmedia":[{"embeddable":true,"href":"https:\/\/ingenieriasae.com\/acuicultura\/wp-json\/wp\/v2\/media\/6491"}],"wp:attachment":[{"href":"https:\/\/ingenieriasae.com\/acuicultura\/wp-json\/wp\/v2\/media?parent=6490"}],"curies":[{"name":"wp","href":"https:\/\/api.w.org\/{rel}","templated":true}]}}