                                                                                                                                                                                                                                                                                                                                                                                                                                                                                                                                                                                                                                                                                                                                                                                                                                                                                                                                                                                                                                                                                                                                                                                                                                                                                                                                                                                                                                                                                                                                                                                                                                                                                                                                                                                                                      {"id":6542,"date":"2020-04-08T18:27:40","date_gmt":"2020-04-08T18:27:40","guid":{"rendered":"https:\/\/lifebyair.com\/?post_type=product&#038;p=6542"},"modified":"2025-03-25T20:07:29","modified_gmt":"2025-03-25T20:07:29","slug":"biosteps-plus-w-kit-de-filtracion-con-cascada","status":"publish","type":"product","link":"https:\/\/ingenieriasae.com\/acuicultura\/producto\/biosteps-plus-w-kit-de-filtracion-con-cascada\/","title":{"rendered":"BioSteps-Plus-WF | Kit de Filtraci\u00f3n con Cascada"},"content":{"rendered":"<p><strong>BioSteps-Plus-WF | Kit de Filtraci\u00f3n con Cascada<\/strong><\/p>\n<p>El BioSteps-Plus-WF marca <strong>Matala\u00ae<\/strong> es un completo kit de filtraci\u00f3n para estanques.\u00a0Cuenta con una superficie de 0.9 m2 (200 pies cuadrados) lo que favorece el crecimiento de bacterias ben\u00e9ficas para el cultivo de peces ofreciendo una filtraci\u00f3n mec\u00e1nica y biol\u00f3gica incomparable para una mejor calidad de agua. Adem\u00e1s, con su dise\u00f1o de flujo cruzado atrapa y procesa m\u00e1s desechos a altas tasas de flujo. Permite combinar varias unidades para estanques de acuicultura y si se usa con un clarificador UV opcional se obtendr\u00e1 una mayor claridad del agua, de f\u00e1cil instalaci\u00f3n que incluye lo siguiente:<\/p>\n<ul>\n<li>Filtro de gravedad BioSteps 10.<\/li>\n<li>Bomba MagFlow MF-1100EZ.<\/li>\n<li>Manguera en PVC de\u00a03\/4\u2033 de di\u00e1metro x 7.62m.<\/li>\n<li>2 unidades de abrazadera de manguera (16-32 mm).<\/li>\n<li>Vertedero tipo cascada WF.<\/li>\n<li>V\u00e1lvula de control de flujo.<\/li>\n<\/ul>\n","protected":false},"excerpt":{"rendered":"<p><img loading=\"lazy\" class=\"alignnone size-full wp-image-5147\" src=\"https:\/\/lifebyair.com\/wp-content\/uploads\/2020\/01\/logo-matala-1.jpg\" alt=\"\" width=\"120\" height=\"46\" \/><\/p>\n<p><b>Incluye<\/b><strong>:<\/strong><\/p>\n<ul>\n<li>Filtro de gravedad BioSteps 10.<\/li>\n<li>Bomba MagFlow MF-1100EZ.<\/li>\n<li>Manguera en PVC de 3\/4\u2033 de di\u00e1metro x 7.62m.<\/li>\n<li>2 unidades de abrazadera de manguera (16-32 mm).<\/li>\n<li>Vertedero tipo cascada WF.<\/li>\n<li>V\u00e1lvula de control de flujo.<\/li>\n<\/ul>\n","protected":false},"featured_media":6543,"template":"","meta":[],"_links":{"self":[{"href":"https:\/\/ingenieriasae.com\/acuicultura\/wp-json\/wp\/v2\/product\/6542"}],"collection":[{"href":"https:\/\/ingenieriasae.com\/acuicultura\/wp-json\/wp\/v2\/product"}],"about":[{"href":"https:\/\/ingenieriasae.com\/acuicultura\/wp-json\/wp\/v2\/types\/product"}],"version-history":[{"count":15,"href":"https:\/\/ingenieriasae.com\/acuicultura\/wp-json\/wp\/v2\/product\/6542\/revisions"}],"predecessor-version":[{"id":8188,"href":"https:\/\/ingenieriasae.com\/acuicultura\/wp-json\/wp\/v2\/product\/6542\/revisions\/8188"}],"wp:featuredmedia":[{"embeddable":true,"href":"https:\/\/ingenieriasae.com\/acuicultura\/wp-json\/wp\/v2\/media\/6543"}],"wp:attachment":[{"href":"https:\/\/ingenieriasae.com\/acuicultura\/wp-json\/wp\/v2\/media?parent=6542"}],"curies":[{"name":"wp","href":"https:\/\/api.w.org\/{rel}","templated":true}]}}