                                                                                                                                                                                                                                                                                                                                                                                                                                                                                                                                                                                                                                                                                                                                                                                                                                                                                                                                                                                                                                                                                                                                                                                                                                                                                                                                                                                                                                                                                                                                                                                                                                                                                                                                                                                                                      {"id":6705,"date":"2020-04-09T23:43:48","date_gmt":"2020-04-09T23:43:48","guid":{"rendered":"https:\/\/lifebyair.com\/?post_type=product&#038;p=6705"},"modified":"2022-05-26T17:00:56","modified_gmt":"2022-05-26T17:00:56","slug":"filtro-halfblu-almohadilla-de-filtro-media-hoja-azul-24-x-39-x-1-5-alta-densidad","status":"publish","type":"product","link":"https:\/\/ingenieriasae.com\/acuicultura\/producto\/filtro-halfblu-almohadilla-de-filtro-media-hoja-azul-24-x-39-x-1-5-alta-densidad\/","title":{"rendered":"Filtro HALFBLU | Almohadilla de Filtro | Media Hoja Azul | 24&#8243; x 39&#8243; x 1.5&#8243; | Alta Densidad"},"content":{"rendered":"<p><strong>Filtro HALFBLU<\/strong><\/p>\n<p>La almohadilla de filtro azul <strong>Matala\u00ae<\/strong> proporcionar\u00e1 una filtraci\u00f3n de part\u00edculas mucho m\u00e1s peque\u00f1as manteniendo una buena distribuci\u00f3n del flujo favoreciendo la vida \u00fatil de la bomba. En sistemas grandes, se puede utilizar en conjunto y en secuencia con los otros cuatro tipos de almohadillas filtrantes para eliminar esencialmente todos los s\u00f3lidos logrando el m\u00e1ximo de biofiltraci\u00f3n. Los medios redondeados o enrollados se pueden utilizar en tanques redondos.<\/p>\n<p>Se trata de un material filtrante progresivo que es auto-portante y multi-funcional que se puede usar en pre-filtrado, medios filtrantes mec\u00e1nicos, filtraci\u00f3n biol\u00f3gica, esterilla de desove, protecci\u00f3n de plantas y como soporte para otros medios filtrantes.<br \/>\nLas almohadillas filtrantes Matala, son muy vers\u00e1tiles, f\u00e1ciles de trabajar y pueden adaptarse a la mayor\u00eda de las necesidades de filtraci\u00f3n.<\/p>\n<p><strong>NOTA:<\/strong> Se trata de media almohadilla.<\/p>\n","protected":false},"excerpt":{"rendered":"<p><img loading=\"lazy\" class=\"alignnone size-full wp-image-5147\" src=\"https:\/\/lifebyair.com\/wp-content\/uploads\/2020\/01\/logo-matala-1.jpg\" alt=\"\" width=\"120\" height=\"46\" \/><\/p>\n<p><strong>Caracter\u00edstica:<\/strong><\/p>\n<ul>\n<li>Ideal para filtraci\u00f3n de part\u00edculas peque\u00f1as.<\/li>\n<li>Adecuada distribuci\u00f3n de flujo.<\/li>\n<li>Favorece la vida \u00fatil de su bomba.<\/li>\n<li>F\u00e1cil limpieza.<\/li>\n<li>Dimensiones 24&#8243; x 39&#8243; x 1.5&#8243;<\/li>\n<li>Di\u00e1metro de fibra: 0.022&#8243;<\/li>\n<\/ul>\n","protected":false},"featured_media":10570,"template":"","meta":[],"_links":{"self":[{"href":"https:\/\/ingenieriasae.com\/acuicultura\/wp-json\/wp\/v2\/product\/6705"}],"collection":[{"href":"https:\/\/ingenieriasae.com\/acuicultura\/wp-json\/wp\/v2\/product"}],"about":[{"href":"https:\/\/ingenieriasae.com\/acuicultura\/wp-json\/wp\/v2\/types\/product"}],"version-history":[{"count":12,"href":"https:\/\/ingenieriasae.com\/acuicultura\/wp-json\/wp\/v2\/product\/6705\/revisions"}],"predecessor-version":[{"id":10341,"href":"https:\/\/ingenieriasae.com\/acuicultura\/wp-json\/wp\/v2\/product\/6705\/revisions\/10341"}],"wp:featuredmedia":[{"embeddable":true,"href":"https:\/\/ingenieriasae.com\/acuicultura\/wp-json\/wp\/v2\/media\/10570"}],"wp:attachment":[{"href":"https:\/\/ingenieriasae.com\/acuicultura\/wp-json\/wp\/v2\/media?parent=6705"}],"curies":[{"name":"wp","href":"https:\/\/api.w.org\/{rel}","templated":true}]}}