                                                                                                                                                                                                                                                                                                                                                                                                                                                                                                                                                                                                                                                                                                                                                                                                                                                                                                                                                                                                                                                                                                                                                                                                                                                                                                                                                                                                                                                                                                                                                                                                                                                                                                                                                                                                                      {"id":6765,"date":"2020-04-13T18:37:50","date_gmt":"2020-04-13T18:37:50","guid":{"rendered":"https:\/\/lifebyair.com\/?post_type=product&#038;p=6765"},"modified":"2020-09-29T18:40:57","modified_gmt":"2020-09-29T18:40:57","slug":"cabezal-pv-gh-cabezal-de-grava-al-vacio-para-estanques","status":"publish","type":"product","link":"https:\/\/ingenieriasae.com\/acuicultura\/producto\/cabezal-pv-gh-cabezal-de-grava-al-vacio-para-estanques\/","title":{"rendered":"Cabezal PV-GH | Cabezal de Grava al Vac\u00edo para Estanques"},"content":{"rendered":"<p><strong>Cabezal PV-GH | Cabezal de Grava al Vac\u00edo para Estanques<\/strong><\/p>\n<p>El cabezal de aspiraci\u00f3n PV GH de la marca <strong>Matala\u00ae<\/strong> est\u00e1 dise\u00f1ado para limpiar estanques con fondo de grava sin aspirar la grava. Los tama\u00f1os de grava adecuados est\u00e1n entre 3\/8 \u2033 y 1 \u2033.<br \/>\nEl cabezal de aspiraci\u00f3n de grava se puede usar para limpiar la superficie de la roca o se puede empujar hacia abajo en la grava hasta 2 pulgadas de profundidad para una limpieza m\u00e1s profunda.<\/p>\n","protected":false},"excerpt":{"rendered":"<p><img loading=\"lazy\" class=\"alignnone size-full wp-image-5147\" src=\"https:\/\/lifebyair.com\/wp-content\/uploads\/2020\/01\/logo-matala-1.jpg\" alt=\"\" width=\"120\" height=\"46\" \/><\/p>\n<p><strong>Caracter\u00edsticas:<\/strong><\/p>\n<ul>\n<li>Dise\u00f1ado para limpiar estanques con fondo de grava sin aspirar la grava.<\/li>\n<li>Los tama\u00f1os de grava adecuados est\u00e1n entre 3\/8 \u2033 y 1 \u2033.<\/li>\n<li>Se puede usar para limpiar la superficie de la roca o se puede empujar hacia abajo en la grava hasta 2 pulgadas de profundidad para una limpieza m\u00e1s profunda.<\/li>\n<\/ul>\n","protected":false},"featured_media":6766,"template":"","meta":[],"_links":{"self":[{"href":"https:\/\/ingenieriasae.com\/acuicultura\/wp-json\/wp\/v2\/product\/6765"}],"collection":[{"href":"https:\/\/ingenieriasae.com\/acuicultura\/wp-json\/wp\/v2\/product"}],"about":[{"href":"https:\/\/ingenieriasae.com\/acuicultura\/wp-json\/wp\/v2\/types\/product"}],"version-history":[{"count":7,"href":"https:\/\/ingenieriasae.com\/acuicultura\/wp-json\/wp\/v2\/product\/6765\/revisions"}],"predecessor-version":[{"id":10222,"href":"https:\/\/ingenieriasae.com\/acuicultura\/wp-json\/wp\/v2\/product\/6765\/revisions\/10222"}],"wp:featuredmedia":[{"embeddable":true,"href":"https:\/\/ingenieriasae.com\/acuicultura\/wp-json\/wp\/v2\/media\/6766"}],"wp:attachment":[{"href":"https:\/\/ingenieriasae.com\/acuicultura\/wp-json\/wp\/v2\/media?parent=6765"}],"curies":[{"name":"wp","href":"https:\/\/api.w.org\/{rel}","templated":true}]}}

Cabezal PV-GH | Cabezal de Grava al Vacío para Estanques

<p><strong>Cabezal PV-GH | Cabezal de Grava al Vacío para Estanques</strong></p>
<p>El cabezal de aspiración PV GH de la marca <strong>Matala®</strong> está diseñado para limpiar estanques con fondo de grava sin aspirar la grava. Los tamaños de grava adecuados están entre 3/8 ″ y 1 ″.<br />
El cabezal de aspiración de grava se puede usar para limpiar la superficie de la roca o se puede empujar hacia abajo en la grava hasta 2 pulgadas de profundidad para una limpieza más profunda.</p>

<p><img loading="lazy" class="alignnone size-full wp-image-5147" src="https://lifebyair.com/wp-content/uploads/2020/01/logo-matala-1.jpg" alt="" width="120" height="46" /></p>
<p><strong>Características:</strong></p>
<ul>
<li>Diseñado para limpiar estanques con fondo de grava sin aspirar la grava.</li>
<li>Los tamaños de grava adecuados están entre 3/8 ″ y 1 ″.</li>
<li>Se puede usar para limpiar la superficie de la roca o se puede empujar hacia abajo en la grava hasta 2 pulgadas de profundidad para una limpieza más profunda.</li>
</ul>
