                                                                                                                                                                                                                                                                                                                                                                                                                                                                                                                                                                                                                                                                                                                                                                                                                                                                                                                                                                                                                                                                                                                                                                                                                                                                                                                                                                                                                                                                                                                                                                                                                                                                                                                                                                                                                      {"id":6830,"date":"2020-04-14T16:57:09","date_gmt":"2020-04-14T16:57:09","guid":{"rendered":"https:\/\/lifebyair.com\/?post_type=product&#038;p=6830"},"modified":"2020-09-29T13:37:32","modified_gmt":"2020-09-29T13:37:32","slug":"compresor-mpc-200a-compresor-filtro-de-aire-medidor-de-presion-conectores-3-4-hp","status":"publish","type":"product","link":"https:\/\/ingenieriasae.com\/acuicultura\/producto\/compresor-mpc-200a-compresor-filtro-de-aire-medidor-de-presion-conectores-3-4-hp\/","title":{"rendered":"Compresor MPC-200A | Compresor + Filtro de Aire + Medidor de Presi\u00f3n + Conectores | 3\/4 HP"},"content":{"rendered":"<p><strong>Compresor MPC-200A<\/strong><\/p>\n<p>El modelo MPC-200A de la marca <strong>Matala\u00ae<\/strong>\u00a0es un eficiente compresor de pist\u00f3n de alta calidad que puede ser instalado para una gran variedad de aplicaciones. Ideal para <strong>airear estanques<\/strong> con superficies de hasta 1.6 hect\u00e1reas y 12.2m de profundidad. Entrega un flujo de aire de hasta 218 lpm, equivalentes a 7.7 CFM, con motor el\u00e9ctrico de 3\/4 HP y corriente de operaci\u00f3n que oscila entre 3.1A &#8211; 6.9A. Libre de aceite y lubricaci\u00f3n en pist\u00f3n y cilindro, con rodamientos lubricados permanentemente y balanceado para una baja vibraci\u00f3n durante su operaci\u00f3n.<\/p>\n","protected":false},"excerpt":{"rendered":"<p><img loading=\"lazy\" class=\"alignnone size-full wp-image-5147\" src=\"https:\/\/lifebyair.com\/wp-content\/uploads\/2020\/01\/logo-matala-1.jpg\" alt=\"\" width=\"120\" height=\"46\" \/><\/p>\n<p><strong>Kit Incluye:<\/strong><\/p>\n<ul>\n<li>Filtro de aire.<\/li>\n<\/ul>\n","protected":false},"featured_media":9460,"template":"","meta":[],"_links":{"self":[{"href":"https:\/\/ingenieriasae.com\/acuicultura\/wp-json\/wp\/v2\/product\/6830"}],"collection":[{"href":"https:\/\/ingenieriasae.com\/acuicultura\/wp-json\/wp\/v2\/product"}],"about":[{"href":"https:\/\/ingenieriasae.com\/acuicultura\/wp-json\/wp\/v2\/types\/product"}],"version-history":[{"count":7,"href":"https:\/\/ingenieriasae.com\/acuicultura\/wp-json\/wp\/v2\/product\/6830\/revisions"}],"predecessor-version":[{"id":10056,"href":"https:\/\/ingenieriasae.com\/acuicultura\/wp-json\/wp\/v2\/product\/6830\/revisions\/10056"}],"wp:featuredmedia":[{"embeddable":true,"href":"https:\/\/ingenieriasae.com\/acuicultura\/wp-json\/wp\/v2\/media\/9460"}],"wp:attachment":[{"href":"https:\/\/ingenieriasae.com\/acuicultura\/wp-json\/wp\/v2\/media?parent=6830"}],"curies":[{"name":"wp","href":"https:\/\/api.w.org\/{rel}","templated":true}]}}