                                                                                                                                                                                                                                                                                                                                                                                                                                                                                                                                                                                                                                                                                                                                                                                                                                                                                                                                                                                                                                                                                                                                                                                                                                                                                                                                                                                                                                                                                                                                                                                                                                                                                                                                                                                                                      {"id":6888,"date":"2020-04-15T15:45:00","date_gmt":"2020-04-15T15:45:00","guid":{"rendered":"https:\/\/lifebyair.com\/?post_type=product&#038;p=6888"},"modified":"2022-05-26T17:05:21","modified_gmt":"2022-05-26T17:05:21","slug":"mea-pro-3-plus-kit-de-aireacion-con-bomba-hk-40lp","status":"publish","type":"product","link":"https:\/\/ingenieriasae.com\/acuicultura\/producto\/mea-pro-3-plus-kit-de-aireacion-con-bomba-hk-40lp\/","title":{"rendered":"MEA Pro 3 Plus | Kit de Aireaci\u00f3n con bomba HK-40LP"},"content":{"rendered":"<p><strong>MEA Pro 3 Plus<\/strong><\/p>\n<p>El modelo MEA PRO 3 PLUS de la marca <strong>Matala\u00ae<\/strong>\u00a0es un completo <strong>kit de aireaci\u00f3n<\/strong> de tan solo 38 Watios de consumo de energ\u00eda, dise\u00f1ado para estanques de entre 5,000 y 16,000 galones y con profundidades m\u00e1ximas de hasta 1.8m.<\/p>\n<p><strong>El kit incluye:<\/strong><\/p>\n<ul>\n<li>Bomba de aire Matala 40LP que maneja un caudal de aire de hasta 45 lpm que equivale a 1.59 CFM.<\/li>\n<li>Base auto-sumergible con difusor tipo disco de 9&#8243; con membrana en EPDM modelo MDB11, que produce burbujas finas entregando el m\u00e1ximo flujo de aire con baja ca\u00edda de presi\u00f3n, favoreciendo a la vida \u00fatil de la bomba. Son libres de mantenimiento y su dise\u00f1o es amigable con los peces.<\/li>\n<li>Conectores de abrazadera de manguera.<\/li>\n<li>Manguera de aire auto-sumergible de 3\/8&#8243; x 9m de longitud de alta calidad indeformable.<\/li>\n<li>Peso: 10.3 kg.<\/li>\n<\/ul>\n","protected":false},"excerpt":{"rendered":"<p><img loading=\"lazy\" class=\"alignnone size-full wp-image-5147\" src=\"https:\/\/lifebyair.com\/wp-content\/uploads\/2020\/01\/logo-matala-1.jpg\" alt=\"\" width=\"120\" height=\"46\" \/><\/p>\n<p><strong>Kit Incluye:<\/strong><\/p>\n<ul>\n<li>Bomba de aire HK-40LP (1)<\/li>\n<li>Manguera auto-sumergible 3\/8&#8243; x 9 mts. (1)<\/li>\n<li>Abrazaderas met\u00e1licas (2)<\/li>\n<li>Conector de manguera universal (3\/8&#8243; | 1\/2&#8243; | 5\/8&#8243;) (1)<\/li>\n<li>Difusor auto-sumergible MDB11 &#8211; 11&#8243; (1)<\/li>\n<\/ul>\n","protected":false},"featured_media":10688,"template":"","meta":[],"_links":{"self":[{"href":"https:\/\/ingenieriasae.com\/acuicultura\/wp-json\/wp\/v2\/product\/6888"}],"collection":[{"href":"https:\/\/ingenieriasae.com\/acuicultura\/wp-json\/wp\/v2\/product"}],"about":[{"href":"https:\/\/ingenieriasae.com\/acuicultura\/wp-json\/wp\/v2\/types\/product"}],"version-history":[{"count":11,"href":"https:\/\/ingenieriasae.com\/acuicultura\/wp-json\/wp\/v2\/product\/6888\/revisions"}],"predecessor-version":[{"id":10722,"href":"https:\/\/ingenieriasae.com\/acuicultura\/wp-json\/wp\/v2\/product\/6888\/revisions\/10722"}],"wp:featuredmedia":[{"embeddable":true,"href":"https:\/\/ingenieriasae.com\/acuicultura\/wp-json\/wp\/v2\/media\/10688"}],"wp:attachment":[{"href":"https:\/\/ingenieriasae.com\/acuicultura\/wp-json\/wp\/v2\/media?parent=6888"}],"curies":[{"name":"wp","href":"https:\/\/api.w.org\/{rel}","templated":true}]}}