                                                                                                                                                                                                                                                                                                                                                                                                                                                                                                                                                                                                                                                                                                                                                                                                                                                                                                                                                                                                                                                                                                                                                                                                                                                                                                                                                                                                                                                                                                                                                                                                                                                                                                                                                                                                                      {"id":6978,"date":"2020-04-16T14:50:01","date_gmt":"2020-04-16T14:50:01","guid":{"rendered":"https:\/\/lifebyair.com\/?post_type=product&#038;p=6978"},"modified":"2022-05-26T17:19:49","modified_gmt":"2022-05-26T17:19:49","slug":"valvula-sc2-58-2-valvulas-de-aire-servicio-pesado-5-8%e2%80%b3-lengueta-colectores-de-aire","status":"publish","type":"product","link":"https:\/\/ingenieriasae.com\/acuicultura\/producto\/valvula-sc2-58-2-valvulas-de-aire-servicio-pesado-5-8%e2%80%b3-lengueta-colectores-de-aire\/","title":{"rendered":"V\u00e1lvula SC2-58 | 2 V\u00e1lvulas de Aire | Servicio Pesado (5\/8\u2033 Leng\u00fceta) | Colectores de Aire"},"content":{"rendered":"<p><strong>V\u00e1lvula SC2-58 | 2 V\u00e1lvulas de Aire | Servicio Pesado (5\/8\u2033 Leng\u00fceta) | Colectores de Aire<\/strong><\/p>\n<p>El modelo SC2-58 de la marca <strong>Matala\u00ae<\/strong> es un colector (manifold) de dos (2) salidas, ideal para ser usado cuando se requieren varios difusores de aire. Son de alta calidad y est\u00e1n dise\u00f1ados para trabajo pesado permitiendo altos \u00edndices de flujo.<\/p>\n<p><strong>Caracter\u00edsticas:<\/strong><\/p>\n<ul>\n<li>Dos (2) v\u00edas.<\/li>\n<li>Rosca de 5\/8&#8243; T.<\/li>\n<li>Entrada de 3\/4\u2033 que se conecta a la bomba de aire o compresor.<\/li>\n<li>Herrajes de lat\u00f3n de alta calidad<\/li>\n<\/ul>\n","protected":false},"excerpt":{"rendered":"<p><img loading=\"lazy\" class=\"alignnone size-full wp-image-5147\" src=\"https:\/\/lifebyair.com\/wp-content\/uploads\/2020\/01\/logo-matala-1.jpg\" alt=\"\" width=\"120\" height=\"46\" \/><\/p>\n<p><strong>Caracter\u00edsticas:<\/strong><\/p>\n<ul>\n<li>Dos (2) v\u00edas.<\/li>\n<li>Rosca de 5\/8&#8243; T.<\/li>\n<li>Entrada de 3\/4\u2033 que se conecta a la bomba de aire o compresor.<\/li>\n<li>Herrajes de lat\u00f3n de alta calidad<\/li>\n<\/ul>\n","protected":false},"featured_media":6976,"template":"","meta":[],"_links":{"self":[{"href":"https:\/\/ingenieriasae.com\/acuicultura\/wp-json\/wp\/v2\/product\/6978"}],"collection":[{"href":"https:\/\/ingenieriasae.com\/acuicultura\/wp-json\/wp\/v2\/product"}],"about":[{"href":"https:\/\/ingenieriasae.com\/acuicultura\/wp-json\/wp\/v2\/types\/product"}],"version-history":[{"count":6,"href":"https:\/\/ingenieriasae.com\/acuicultura\/wp-json\/wp\/v2\/product\/6978\/revisions"}],"predecessor-version":[{"id":10294,"href":"https:\/\/ingenieriasae.com\/acuicultura\/wp-json\/wp\/v2\/product\/6978\/revisions\/10294"}],"wp:featuredmedia":[{"embeddable":true,"href":"https:\/\/ingenieriasae.com\/acuicultura\/wp-json\/wp\/v2\/media\/6976"}],"wp:attachment":[{"href":"https:\/\/ingenieriasae.com\/acuicultura\/wp-json\/wp\/v2\/media?parent=6978"}],"curies":[{"name":"wp","href":"https:\/\/api.w.org\/{rel}","templated":true}]}}